{"id":248,"date":"2022-05-16T14:25:39","date_gmt":"2022-05-16T12:25:39","guid":{"rendered":"http:\/\/florencemartincoaching.kpdigital.fr\/?page_id=248"},"modified":"2022-06-21T11:36:46","modified_gmt":"2022-06-21T09:36:46","slug":"prestations","status":"publish","type":"page","link":"https:\/\/florencemartincoaching.com\/index.php\/prestations\/","title":{"rendered":"Prestations"},"content":{"rendered":"\n<h2 class=\"wp-block-heading\">Mes accompagnements et formations<\/h2>\n\n\n\n<blockquote class=\"wp-block-quote is-style-plain has-medium-font-size is-layout-flow wp-block-quote-is-layout-flow\" id=\"pourqui\"><p><strong>A qui \u00e7a s&rsquo;adresse ? Pour qui? <\/strong><\/p><p>Chefs d&rsquo;entreprises, entrepreneurs, salari\u00e9s, apprentis, personnes en reconversion, parents, individus ou organisations souhaitant travailler leur <strong>leadership et modes d&rsquo;action,<\/strong> et <strong>qui rencontrent \u00e0 une \u00e9tape donn\u00e9e de leur vie des questionnements sur leur leadership, leur juste place et le sens de leurs actions.<\/strong> <\/p><p>Aucun pr\u00e9requis n\u2019est exig\u00e9 pour b\u00e9n\u00e9ficier d\u2019un accompagnement. <\/p><p>Mon approche s\u2019adresse aussi bien \u00e0 des individus qu\u2019\u00e0 des groupes. Il s\u2019adresse \u00e0 des personnes ayant envie de travailler sur elles-m\u00eames, en prenant en compte leur \u00eatre dans ses <strong>multiples facettes, r\u00f4les et \u00e9tapes de vie <\/strong>(homme, femme, parent, salari\u00e9, entrepreneur&#8230;).<\/p><\/blockquote>\n\n\n\n<div class=\"wp-block-columns alignfull is-layout-flex wp-container-core-columns-is-layout-9d6595d7 wp-block-columns-is-layout-flex\" id=\"services\">\n<div class=\"wp-block-column has-text-color has-background has-link-color wp-elements-bc6ce63e7310341673734420e22b21b7 is-layout-flow wp-block-column-is-layout-flow\" style=\"background-color:#ffe97d;color:#000000;padding-top:2em;padding-right:2em;padding-bottom:2em;padding-left:2em\">\n<h2 class=\"wp-block-heading\" id=\"single\" style=\"font-size:40px\"><strong>Individuel<\/strong><\/h2>\n\n\n\n<p class=\"has-normal-font-size\" style=\"line-height:1.5\"><strong>Faites vous l&rsquo;espace de votre transformation, pour produire vos changements et \u00eatre plus satisfait<\/strong>.e<\/p>\n\n\n\n<hr class=\"wp-block-separator has-text-color has-css-opacity has-background is-style-wide\" style=\"background-color:#000000;color:#000000\"\/>\n\n\n\n<ul class=\"has-normal-font-size wp-block-list\"><li>D\u00e9bloquez les situations qui vous d\u00e9rangent<\/li><li>Forgez vos outils pour adopter la mani\u00e8re d&rsquo;\u00eatre qui vous correspond<\/li><li>Retrouvez un \u00e9quilibre et une coh\u00e9rence entre vos actions et vos aspirations<\/li><\/ul>\n\n\n\n<div class=\"wp-block-buttons is-horizontal is-content-justification-center is-layout-flex wp-container-core-buttons-is-layout-499968f5 wp-block-buttons-is-layout-flex\">\n<div class=\"wp-block-button has-custom-width wp-block-button__width-75\"><a class=\"wp-block-button__link has-white-color has-text-color has-background no-border-radius\" href=\"#individuel\" style=\"background-color:#000000\" target=\"_blank\" rel=\"noreferrer noopener\">En savoir plus<\/a><\/div>\n<\/div>\n<\/div>\n\n\n\n<div class=\"wp-block-column has-text-color has-background has-link-color wp-elements-6b86e12341db5fc98153e5f917d21d96 is-layout-flow wp-block-column-is-layout-flow\" style=\"background-color:#d1d1e1;color:#000000;padding-top:2em;padding-right:2em;padding-bottom:2em;padding-left:2em\">\n<h2 class=\"wp-block-heading\" id=\"family\" style=\"font-size:40px\"><strong>Collectif<\/strong><\/h2>\n\n\n\n<p class=\"has-normal-font-size\" style=\"line-height:1.5\"><strong>Mobilisez l&rsquo;intelligence et la conscience collective<\/strong> <strong>pour am\u00e9liorer le fonctionnement de votre organisation <\/strong><\/p>\n\n\n\n<hr class=\"wp-block-separator has-css-opacity is-style-wide\"\/>\n\n\n\n<ul class=\"has-normal-font-size wp-block-list\"><li>Transformez vos pratiques de management et r\u00e9inventez votre organisation<\/li><li>Am\u00e9liorez la communication au sein de vos \u00e9quipes<\/li><li>Mettez en place une strat\u00e9gie \u00e0 impact coh\u00e9rente avec vos valeurs<\/li><li>Impliquez les talents des personnes dans vos r\u00e9flexions strat\u00e9giques<\/li><\/ul>\n\n\n\n<div class=\"wp-block-buttons is-horizontal is-content-justification-center is-layout-flex wp-container-core-buttons-is-layout-499968f5 wp-block-buttons-is-layout-flex\">\n<div class=\"wp-block-button has-custom-width wp-block-button__width-75 is-style-fill\"><a class=\"wp-block-button__link has-white-color has-text-color has-background no-border-radius\" href=\"http:\/\/florencemartincoaching.com\/index.php\/page-accueil\/ma-pratique-du-coaching\/\" style=\"background-color:#000000\" target=\"_blank\" rel=\"noreferrer noopener\">Le pouvoir du coaching ontologique sur les organisations<\/a><\/div>\n<\/div>\n<\/div>\n\n\n\n<div class=\"wp-block-column has-text-color has-background has-link-color wp-elements-0eced92c7349c43e1b5a9dbf0db39ccf is-layout-flow wp-block-column-is-layout-flow\" style=\"background-color:#c0ebf1;color:#000000;padding-top:2em;padding-right:2em;padding-bottom:2em;padding-left:2em\">\n<h2 class=\"wp-block-heading\" id=\"patron\" style=\"font-size:40px\"><strong>Formations<\/strong><\/h2>\n\n\n\n<p class=\"has-normal-font-size\"><strong>Cr\u00e9ez de puissants espaces d&rsquo;apprentissage<\/strong> <strong>et \u00e9largissez les possibles<\/strong><\/p>\n\n\n\n<hr class=\"wp-block-separator has-css-opacity is-style-wide\"\/>\n\n\n\n<ul class=\"has-normal-font-size wp-block-list\"><li>\u00catre manager demain ?<\/li><li>Communiquer efficacement: management, r\u00e9unions d&rsquo;\u00e9quipe<\/li><li>Fixer un cadre, Poser ses limites<\/li><li>G\u00e9rer son stress <\/li><li>Etre une entreprise responsable Ethique d&rsquo;entreprise et RSE<\/li><\/ul>\n\n\n\n<div class=\"wp-block-buttons is-horizontal is-content-justification-center is-layout-flex wp-container-core-buttons-is-layout-499968f5 wp-block-buttons-is-layout-flex\">\n<div class=\"wp-block-button has-custom-width wp-block-button__width-75\"><a class=\"wp-block-button__link has-white-color has-text-color has-background no-border-radius\" href=\"https:\/\/airtable.com\/shra2YEIP9pghX9P0\" style=\"background-color:#000000\" target=\"_blank\" rel=\"noreferrer noopener\">Discuter de mon besoin<\/a><\/div>\n<\/div>\n<\/div>\n<\/div>\n\n\n\n<div class=\"wp-block-buttons is-layout-flex wp-block-buttons-is-layout-flex\">\n<div class=\"wp-block-button aligncenter is-style-outline is-style-outline--1\"><a class=\"wp-block-button__link has-nv-light-bg-color has-neve-text-color-background-color has-text-color has-background\" href=\"https:\/\/airtable.com\/shr144DIe5U2pd8QD\" target=\"_blank\" rel=\"noreferrer noopener\">JE PRENDS RDV<\/a><\/div>\n<\/div>\n\n\n\n<hr class=\"wp-block-separator has-css-opacity is-style-wide\"\/>\n\n\n\n<h2 class=\"wp-block-heading\" id=\"individuel\">D\u00e9roulement d&rsquo;un accompagnement individuel<\/h2>\n\n\n\n<div style=\"position: relative; width: 100%; height: 0; padding-top: 250.0000%;\n padding-bottom: 48px; box-shadow: 0 2px 8px 0 rgba(63,69,81,0.16); margin-top: 1.6em; margin-bottom: 0.9em; overflow: hidden;\n border-radius: 8px; will-change: transform;\">\n  <iframe loading=\"lazy\" style=\"position: absolute; width: 100%; height: 100%; top: 0; left: 0; border: none; padding: 0;margin: 0;\" src=\"https:\/\/www.canva.com\/design\/DAFA3JX9irA\/view?embed\" allowfullscreen=\"allowfullscreen\" allow=\"fullscreen\">\n  <\/iframe>\n<\/div>\n<a href=\"https:\/\/www.canva.com\/design\/DAFA3JX9irA\/view?utm_content=DAFA3JX9irA&amp;utm_campaign=designshare&amp;utm_medium=embeds&amp;utm_source=link\" target=\"_blank\" rel=\"noopener\">Pink Pastel Small Business Plan Tips Infographic<\/a> by Florence Martin\n","protected":false},"excerpt":{"rendered":"<p>Mes accompagnements et formations A qui \u00e7a s&rsquo;adresse ? Pour qui? Chefs d&rsquo;entreprises, entrepreneurs, salari\u00e9s, apprentis, personnes en reconversion, parents, individus ou organisations souhaitant travailler leur leadership et modes d&rsquo;action, et qui rencontrent \u00e0 une \u00e9tape donn\u00e9e de leur vie des questionnements sur leur leadership, leur juste place et le sens de leurs actions. Aucun&hellip;&nbsp;<a href=\"https:\/\/florencemartincoaching.com\/index.php\/prestations\/\" class=\"\" rel=\"bookmark\">Lire la suite &raquo;<span class=\"screen-reader-text\">Prestations<\/span><\/a><\/p>\n","protected":false},"author":1,"featured_media":0,"parent":0,"menu_order":0,"comment_status":"closed","ping_status":"closed","template":"","meta":{"neve_meta_sidebar":"","neve_meta_container":"","neve_meta_enable_content_width":"","neve_meta_content_width":0,"neve_meta_title_alignment":"","neve_meta_author_avatar":"","neve_post_elements_order":"","neve_meta_disable_header":"","neve_meta_disable_footer":"","neve_meta_disable_title":"on","footnotes":""},"class_list":["post-248","page","type-page","status-publish","hentry"],"_links":{"self":[{"href":"https:\/\/florencemartincoaching.com\/index.php\/wp-json\/wp\/v2\/pages\/248","targetHints":{"allow":["GET"]}}],"collection":[{"href":"https:\/\/florencemartincoaching.com\/index.php\/wp-json\/wp\/v2\/pages"}],"about":[{"href":"https:\/\/florencemartincoaching.com\/index.php\/wp-json\/wp\/v2\/types\/page"}],"author":[{"embeddable":true,"href":"https:\/\/florencemartincoaching.com\/index.php\/wp-json\/wp\/v2\/users\/1"}],"replies":[{"embeddable":true,"href":"https:\/\/florencemartincoaching.com\/index.php\/wp-json\/wp\/v2\/comments?post=248"}],"version-history":[{"count":10,"href":"https:\/\/florencemartincoaching.com\/index.php\/wp-json\/wp\/v2\/pages\/248\/revisions"}],"predecessor-version":[{"id":390,"href":"https:\/\/florencemartincoaching.com\/index.php\/wp-json\/wp\/v2\/pages\/248\/revisions\/390"}],"wp:attachment":[{"href":"https:\/\/florencemartincoaching.com\/index.php\/wp-json\/wp\/v2\/media?parent=248"}],"curies":[{"name":"wp","href":"https:\/\/api.w.org\/{rel}","templated":true}]}}

<h2 class="wp-block-heading">Mes accompagnements et formations</h2>



<blockquote class="wp-block-quote is-style-plain has-medium-font-size is-layout-flow wp-block-quote-is-layout-flow" id="pourqui"><p><strong>A qui ça s&rsquo;adresse ? Pour qui? </strong></p><p>Chefs d&rsquo;entreprises, entrepreneurs, salariés, apprentis, personnes en reconversion, parents, individus ou organisations souhaitant travailler leur <strong>leadership et modes d&rsquo;action,</strong> et <strong>qui rencontrent à une étape donnée de leur vie des questionnements sur leur leadership, leur juste place et le sens de leurs actions.</strong> </p><p>Aucun prérequis n’est exigé pour bénéficier d’un accompagnement. </p><p>Mon approche s’adresse aussi bien à des individus qu’à des groupes. Il s’adresse à des personnes ayant envie de travailler sur elles-mêmes, en prenant en compte leur être dans ses <strong>multiples facettes, rôles et étapes de vie </strong>(homme, femme, parent, salarié, entrepreneur&#8230;).</p></blockquote>



<div class="wp-block-columns alignfull is-layout-flex wp-container-core-columns-is-layout-9d6595d7 wp-block-columns-is-layout-flex" id="services">
<div class="wp-block-column has-text-color has-background has-link-color wp-elements-bc6ce63e7310341673734420e22b21b7 is-layout-flow wp-block-column-is-layout-flow" style="background-color:#ffe97d;color:#000000;padding-top:2em;padding-right:2em;padding-bottom:2em;padding-left:2em">
<h2 class="wp-block-heading" id="single" style="font-size:40px"><strong>Individuel</strong></h2>



<p class="has-normal-font-size" style="line-height:1.5"><strong>Faites vous l&rsquo;espace de votre transformation, pour produire vos changements et être plus satisfait</strong>.e</p>



<hr class="wp-block-separator has-text-color has-css-opacity has-background is-style-wide" style="background-color:#000000;color:#000000"/>



<ul class="has-normal-font-size wp-block-list"><li>Débloquez les situations qui vous dérangent</li><li>Forgez vos outils pour adopter la manière d&rsquo;être qui vous correspond</li><li>Retrouvez un équilibre et une cohérence entre vos actions et vos aspirations</li></ul>



<div class="wp-block-buttons is-horizontal is-content-justification-center is-layout-flex wp-container-core-buttons-is-layout-499968f5 wp-block-buttons-is-layout-flex">
<div class="wp-block-button has-custom-width wp-block-button__width-75"><a class="wp-block-button__link has-white-color has-text-color has-background no-border-radius" href="#individuel" style="background-color:#000000" target="_blank" rel="noreferrer noopener">En savoir plus</a></div>
</div>
</div>



<div class="wp-block-column has-text-color has-background has-link-color wp-elements-6b86e12341db5fc98153e5f917d21d96 is-layout-flow wp-block-column-is-layout-flow" style="background-color:#d1d1e1;color:#000000;padding-top:2em;padding-right:2em;padding-bottom:2em;padding-left:2em">
<h2 class="wp-block-heading" id="family" style="font-size:40px"><strong>Collectif</strong></h2>



<p class="has-normal-font-size" style="line-height:1.5"><strong>Mobilisez l&rsquo;intelligence et la conscience collective</strong> <strong>pour améliorer le fonctionnement de votre organisation </strong></p>



<hr class="wp-block-separator has-css-opacity is-style-wide"/>



<ul class="has-normal-font-size wp-block-list"><li>Transformez vos pratiques de management et réinventez votre organisation</li><li>Améliorez la communication au sein de vos équipes</li><li>Mettez en place une stratégie à impact cohérente avec vos valeurs</li><li>Impliquez les talents des personnes dans vos réflexions stratégiques</li></ul>



<div class="wp-block-buttons is-horizontal is-content-justification-center is-layout-flex wp-container-core-buttons-is-layout-499968f5 wp-block-buttons-is-layout-flex">
<div class="wp-block-button has-custom-width wp-block-button__width-75 is-style-fill"><a class="wp-block-button__link has-white-color has-text-color has-background no-border-radius" href="http://florencemartincoaching.com/index.php/page-accueil/ma-pratique-du-coaching/" style="background-color:#000000" target="_blank" rel="noreferrer noopener">Le pouvoir du coaching ontologique sur les organisations</a></div>
</div>
</div>



<div class="wp-block-column has-text-color has-background has-link-color wp-elements-0eced92c7349c43e1b5a9dbf0db39ccf is-layout-flow wp-block-column-is-layout-flow" style="background-color:#c0ebf1;color:#000000;padding-top:2em;padding-right:2em;padding-bottom:2em;padding-left:2em">
<h2 class="wp-block-heading" id="patron" style="font-size:40px"><strong>Formations</strong></h2>



<p class="has-normal-font-size"><strong>Créez de puissants espaces d&rsquo;apprentissage</strong> <strong>et élargissez les possibles</strong></p>



<hr class="wp-block-separator has-css-opacity is-style-wide"/>



<ul class="has-normal-font-size wp-block-list"><li>Être manager demain ?</li><li>Communiquer efficacement: management, réunions d&rsquo;équipe</li><li>Fixer un cadre, Poser ses limites</li><li>Gérer son stress </li><li>Etre une entreprise responsable Ethique d&rsquo;entreprise et RSE</li></ul>



<div class="wp-block-buttons is-horizontal is-content-justification-center is-layout-flex wp-container-core-buttons-is-layout-499968f5 wp-block-buttons-is-layout-flex">
<div class="wp-block-button has-custom-width wp-block-button__width-75"><a class="wp-block-button__link has-white-color has-text-color has-background no-border-radius" href="https://airtable.com/shra2YEIP9pghX9P0" style="background-color:#000000" target="_blank" rel="noreferrer noopener">Discuter de mon besoin</a></div>
</div>
</div>
</div>



<div class="wp-block-buttons is-layout-flex wp-block-buttons-is-layout-flex">
<div class="wp-block-button aligncenter is-style-outline is-style-outline--1"><a class="wp-block-button__link has-nv-light-bg-color has-neve-text-color-background-color has-text-color has-background" href="https://airtable.com/shr144DIe5U2pd8QD" target="_blank" rel="noreferrer noopener">JE PRENDS RDV</a></div>
</div>



<hr class="wp-block-separator has-css-opacity is-style-wide"/>



<h2 class="wp-block-heading" id="individuel">Déroulement d&rsquo;un accompagnement individuel</h2>



<div style="position: relative; width: 100%; height: 0; padding-top: 250.0000%;
 padding-bottom: 48px; box-shadow: 0 2px 8px 0 rgba(63,69,81,0.16); margin-top: 1.6em; margin-bottom: 0.9em; overflow: hidden;
 border-radius: 8px; will-change: transform;">
  <iframe loading="lazy" style="position: absolute; width: 100%; height: 100%; top: 0; left: 0; border: none; padding: 0;margin: 0;" src="https://www.canva.com/design/DAFA3JX9irA/view?embed" allowfullscreen="allowfullscreen" allow="fullscreen">
  </iframe>
</div>
<a href="https://www.canva.com/design/DAFA3JX9irA/view?utm_content=DAFA3JX9irA&amp;utm_campaign=designshare&amp;utm_medium=embeds&amp;utm_source=link" target="_blank" rel="noopener">Pink Pastel Small Business Plan Tips Infographic</a> by Florence Martin

<p>Mes accompagnements et formations A qui ça s&rsquo;adresse ? Pour qui? Chefs d&rsquo;entreprises, entrepreneurs, salariés, apprentis, personnes en reconversion, parents, individus ou organisations souhaitant travailler leur leadership et modes d&rsquo;action, et qui rencontrent à une étape donnée de leur vie des questionnements sur leur leadership, leur juste place et le sens de leurs actions. Aucun&hellip;&nbsp;<a href="https://florencemartincoaching.com/index.php/prestations/" class="" rel="bookmark">Lire la suite &raquo;<span class="screen-reader-text">Prestations</span></a></p>
